ue of -21 + (10 - (12 + -22)) - 16?
-17
Evaluate (-1 - (19 + -36 + 16)) + -10.
-10
What is the value of (-112 - (-200 + 72)) + 33?
49
7 + -56 + 69 + 73
93
What is 0 - 1 - 21 - (-6572 + 6506)?
44
Evaluate (-7 - (14 - (-8 - -16))) + -20 + 7 + 2.
-24
What is the value of (10 + 4 - (35 + -18 + -11)) + -41 + 1?
-32
What is the value of (5 - 0) + (-41 - -22 - -2) + -29?
-41
What is 2 + -4 + (1 - -44) + 2 - (-16929 - -16920)?
54
What is the value of 3 + -1 - ((-3 - -89) + 34 + 7 + -21)?
-104
What is (1 - 2) + 27 - (-11737 + 11800)?
-37
(-24 - -54) + -81 - (-15 + 3 + 5)
-44
165 + -55 + (-22 + -15 - 8)
65
-2 - ((-47 - -74) + -62)
33
What is 46 - (-4 + -18 + -3 + 9)?
62
60 + 13 + -119 + 158
112
Calculate 12 + 1 - ((-3 - -23) + -16) - (69 - 154).
94
-19 - (65 + 1 - (235 + -213))
-63
Evaluate 51 + -62 + -5 + -17.
-33
Evaluate (-1 - 17) + -18 + 12 + 3 + -9.
-30
Evaluate (-26 - (-86 + 28 + 3)) + -76.
-47
What is the value of 3 + 1 - (-24 + 25 + -22 + 24)?
1
What is -27 + ((7 - (1 - -2)) + -7 - -11)?
-19
What is the value of -18 + 35 + (-10 - -6) + -12?
1
What is -144 + 84 + 94 - -58?
92
(59 + (9 - -17) + -21 - -6) + -21
49
Evaluate 25 + -25 - ((2 - 5) + -3 + (127 - -5)).
-126
Calculate -94 + 6 + -2 + 10 + 19.
-61
What is (-1 - 22) + 2 - (905 - 906)?
-20
Evaluate -14 + -185 + (509 - 406).
-96
What is the value of 12 + (13 - (-4 - -40 - 132))?
121
67 + -99 + -64 + 115 + (0 - -41)
60
Calculate -2372 - -2388 - (-1 + -41).
58
Evaluate 20 - (-30 + 55 + -32 - 41).
68
What is 17 - (18 + -44 - -20 - (2 - 11))?
14
Evaluate (-2 - ((3 - 121) + 2)) + -11 + -20 + 28.
111
What is 13 + ((47 - 13) + -37 - (77 + -3))?
-64
Calculate 10 - (6 - (7 + -7)) - (238 - 189).
-45
-2 + -73 - (-242 + 51 + 155)
-39
What is the value of -210 + 115 - (-108 - -48)?
-35
What is 10 + -1 + 14 + -102 + 73 - 30?
-36
Calculate -23 + (36 - (5 + 94)).
-86
Calculate 2 - 77 - (40 + -64 + 69).
-120
What is the value of -146 - -158 - (11 - 9 - (-1 + -95 + -3))?
-89
What is (4153 - 4187) + -103 + -2 - (-1 + -11)?
-127
Evaluate 6 - ((-11 + 18 - -9 - 1) + 36).
-45
Calculate 80 - (77 + -28) - 55.
-24
Evaluate (3 - (50 + -48)) + 34.
35
-71 + 9 - (32 - 159)
65
(-107 + 175 - 137) + (-1 - -5) - 24
-89
Calculate -7 + (3 - (25 + -21) - 9).
-17
What is -76 - (22 + (2 - 4) - (-1715 + 1750))?
-61
Calculate 2 + -2 + 14 - (15573 - 15541).
-18
(-24 - 3) + 4 + -20 + 29 + -17
-31
What is 30 + (-23 - -29) + -2 + -5 + 0?
29
55 - ((5 - (30 - 13)) + (25 - -3))
39
What is the value of 7 + 3 - (508 + -402)?
-96
23 + (-14 + -4 + (-16 - -27) + 1 - -16)
33
Evaluate (-66 - -32 - -50) + -4.
12
Evaluate 2 - -1 - (-15 + 58) - ((8 - -5) + -3).
-50
Evaluate (-79 + -16 - 65) + 68.
-92
Calculate (17 - (-4 + 17)) + 26 + -11.
19
Evaluate 0 + -10 - (-1118 - -1097) - (-4 + 2 - 24).
37
-54 + 0 + (-45 - -17 - -7)
-75
What is -75 - -61 - (-25 - 0) - -19?
30
What is the value of -10 - 47 - -9 - -53?
5
Calculate -37 + 84 - (19 + 127).
-99
Evaluate 3 - -3 - (5 + -7 - 0) - (-14 + 70).
-48
What is 13 - (30 + (31 - 23))?
-25
Calculate 0 + 18 - (5 + 46 + -27) - (1 - -16).
-23
Evaluate ((17 - 17) + 3 - -4) + -19 + 0.
-12
Calculate -8 + -1 + 6 - (49 - 88).
36
What is the value of 20034 + -19990 - (-2 - (0 + -1))?
45
1 + -5 + 2 - (-97 - -185 - 89)
-1
(14 - 2) + -2 + 4 + 0 + (220 - 232)
2
Evaluate -63 + (97 - 21) - (-1 + 0 + -3).
17
Evaluate -3 - (2 - 3) - (-1244 - -1260).
-18
What is (12 + (-10 - -12 - 7) - -4) + 21?
32
(44 - 85) + 8 - (-1 - -15)
-47
-1 - 24 - (3247 + -3229)
-43
Evaluate -26 - -4 - (-10 + (13 - 3 - 9 - -19)).
-32
Calculate 556 - 488 - (176 + -10).
-98
Evaluate 1 - -9 - (-716 - -682).
44
Evaluate (27 + -54 - -57) + -47 - 7.
-24
What is the value of (-116 - 1 - 8) + (-3 + 41 + -20 - 8)?
-115
Calculate -21 - (7 + (5 + -22 - -21) + -85).
53
(-1 - -1 - 12) + -222 + 235 - 53
-52
Evaluate -19 + (-45 - -46) - (-2 - -32).
-48
What is 75 + (-9 - -4) - 13?
57
What is 35 - 3 - (61 + -102 + 99)?
-26
Calculate (10358 - 10319) + (0 + -1 + -1 - 0).
37
What is the value of 936 - 951 - (81 + 1) - 3?
-100
Evaluate 4 - ((-54 - -3) + 119 + -119).
55
153 + 49 + -39 + -265
-102
What is -73 - (-1 - (-3 + -19 - (0 + -8 - 2)))?
-84
Calculate (-45 - -6) + (24 - (31 - 22)).
-24
Calculate 65 - (37 - (-40 + 47) - -2).
33
Evaluate -27 + (1 - (3 + -4)) + (102 - 59) + -50.
-32
What is the value of 130 + -45 + -25 + 62?
122
Calculate 75 + -160 + -24 - -49.
-60
-91 + (1 + -7 - -6) + 9 + 14 + -15
-83
Calculate (55 - (1 + -3)) + (-9 - (-11 - -1) - 9).
49
Calculate (-3 - (-2 - 4)) + -33 + (5 - 3).
-28
(-14 - -6 - -15) + (-450 - -467)
24
Calculate 1 - -65 - (-51 + 74 + -72).
115
Evaluate (-46 + 89 - 24) + (19 - 1).
37
Calculate (-42 - -49) + -5 + -3 - (0 - -6 - -26).
-33
6 - (3 + (-6 - -5)) - (-92 + 127)
-31
What is -12 + (144 - 155) + -2 + 41?
16
Calculate -4 - (0 + 37) - 0 - (7 + -10) - 5.
-43
Evaluate -37 + 27 + -60 - -73.
3
What is the value of -47 - (-30 + -3 - 13)?
-1
What is the value of -15 + (-52 - -52) + (-1 - 11) - 17?
-44
Calculate 5 - (-1 + 18 - 15 - (3 - 1)).
5
Calculate -50 - (-14 + -13 + 0 + (-94 - -120)).
-49
5 + 48 - (-1324 + 1371)
6
What is -12 - (23 + 42 + -65 - (1 + -55))?
-66
(-2 - 71) + (-443 - -477)
-39
1 + (-12 - 0 - -11) + 28 + 7
35
Evaluate 2 - 12 - (-145 + (33 - -49) + -36).
89
What is 57 - (-60 - -75) - (1 + 5 + 0)?
36
What is the value of 2 + -14 + 4 + 61 + -82?
-29
1 - (41 - (43 + -11) - (-1 + 3))
-6
Evaluate (-2 - -58) + (-13 - (-8 - (-20 - -22))).
53
Calculate 0 + 1 - (29 + (19 - ((141 - -14) + -27))).
81
Calculate 2206 + -2124 - (43 + 1).
38
(-1 - -20) + (111 + 31 - (-71 + 115))
117
Evaluate 34 - (127 + -35 + -41).
-17
(0 + 6 - (-626 + 597)) + 5 + -18
22
What is the value of -33 + (-18 - -9 - -63)?
21
24 + (49 - -29 - 52)
50
((0 - 10) + (3 - -3) + -1 - -12) + -44
-37
Evaluate -41 - ((15 - (-22 - 10)) + -11).
-77
What is the value of 178 + 43 + -197 - (49 + -1)?
-24
Calculate 110 + (-56 - 62) + (-1 + 50 - -1).
42
7 - (13 + 1 + -5) - (-10 + -31)
39
Calculate (-26 - (23 + -40)) + 44 + 7 - -7.
49
Calculate -1 + 3 + 42 + 4 - (-23 - (42 - 81)).
32
What is 34 - -2 - (-149 + 177 - (-3 - (-29 + 5)))?
29
-14 + 33 + (7 - 11) - -5
20
What is (5 - 36) + 29 + 13 + 57?
68
Calculate (27 - (-6 + (22 - 8 - 12))) + -14.
17
What is the value of (27 - 33 - (1 - 7)) + 1 + 2 + 47?
50
Evaluate (-1 - -2) + -86 + (-150 - (-235 + 86)).
-86
0 + -83 - (-140 - -237 - 74)
-106
What is the value of (8 - 1) + (-2 - (-39 - 2) - (-200 - -200))?
46
Evaluate 103 + (-49 - (30 + -25)).
49
-57 + 4 + 332 + -319
-40
Evaluate (-5 - (-65 - -6)) + -44.
10
What is the value of 24 + (1 + -5 + 2 + -2 - -12)?
32
What is (-26 + 168 - 111) + 71?
102
Calculate 1 + -7 - (28 + -15 + -26 - -12).
-5
0 + -6 + -2 + 3 + (134 - (65 + -26))
90
77 - 211 - (-270 - -53)
83
Calculate 35 + (-130 - -136) + -3 + 0.
38
Calculate -33 - (-133 + 45 + -30) - 27.
58
Evaluate (55 - 62 - 113) + 53.
-67
What is the value of 6 + (-37 - ((-11 - (-1 + 1)) + (-330 - -333)))?
-23
Evaluate 62 - (-18 - 5 - -49).
36
What is 8 + (8 - 83) + 5 + 12 + 13?
-37
What is (-14 - (26 - -17 - 54)) + (1 - (-5 - 1))?
4
What is the value of -46 - ((-14 - -18) + 4 - (-1 - -16))?
-39
What is -17 + (-29 - -27) - (0 - 34)?
15
Calculate -126 + 31 + 8 + -10.
-97
Calculate (1 - -40) + (-1065 - -1042).
18
What is the value of 34 + 75 - 154 - (2 - -1)?
-48
What is the value of -3 + 12 + 0 - ((-79 - -98) + -41 + 2)?
29
What is the value of 13 - (3 + (-1 - -3) + -3 + 0)?
11
-23 - 1 - (-15 + 15 + 2)
-26
(-29 - (17 - 65)) + (12 - -2)
33
What is (2 - (-15 - -5) - 0) + -17 + 13 - -27?
35
What is the value of -21 + (13 - -31) + -16 + -24?
-17
Evaluate (4 + 3 - 1) + ((-9 - 11) + 3 - 32).
-43
Evaluate (28 - 66) + 63 - (13 + 1 + 0) - -76.
87
Evaluate (15 - -26) + (-143 - (-2 - 25)).
-75
Evaluate 63 - (1 + -68 + 66).
64
36 - (-36 + 43 - 2)
31
What is the value of -109 + (-208 - -408) - (38 - 1)?
54
0 + 3 - (-4 + 4) - (-127 + 91 + -25)
64
Calculate 34 - (-17 - -13 - -15).
23
Calculate -43 - -22 - -33 - (69 + -4).
-53
Evaluate 124 - (146 - (144 + -43)).
79
What is (0 - -4) + (28 - 27)?
5
Calculate (236 - 231) + (1 + 0 - 22) - -14.
-2
Calculate -3 + 11 + 50 + 11 + 2 + -27.
44
Calculate 1 - 6 - (69 + -67 + (-6 - (-21 - -5))).
-17
Calculate 5 - (5 - (-6 + 1)) - (-3 + 32).
-34
What is the value of -7 + 3 + 4 + (-71 - (-45 + 11))?
-37
Calculate -44 + 13 + 24 +